+ q = -2500. What is the hundreds digit of j?
1
Let a(q) = q**3 - 28*q**2 - 115*q - 339. What is the units digit of a(38)?
1
Suppose -4*w + 0*w - 2*k + 158 = 0, -2*k - 94 = -2*w. Suppose q + 11 = w. Let t = 97 - q. What is the tens digit of t?
6
Let b(h) = 18*h + 8. Let n be b(-4). Let s = -57 - n. Suppose -3*q + 393 = 3*v, 4*v - 508 - s = -q. What is the units digit of v?
8
Let j(p) = 2*p**3 + 67*p**2 - 36*p - 77. Let s be j(-34). What is the tens digit of ((-828)/84 - s)/((-2)/826)?
5
Suppose 8*t - 8488 = -0*t. Let r = -651 + t. What is the tens digit of r?
1
Let u(q) = 5*q - 20. Let v be u(4). Suppose v = 3*x - 28 - 2162. What is the tens digit of x?
3
Suppose -6*w = -4*w - 5*w. Let a be w*(3 + 2)/5. What is the units digit of 1 - a - -2 - (-70)/2?
8
Suppose -5*o = 2*v - 17, 3 = -o + 4. What is the tens digit of v*(-6)/9 - -452?
4
Let z be (-3 - -7) + (35 - -2). Let w = 94 - z. Let g = w - 52. What is the units digit of g?
1
What is the tens digit of 9 + (-106970)/57*(-612)/30?
9
Let o(a) = -a**3 + 4*a**2 + 18*a - 6. Let d be o(-3). Let j(v) = 35*v**3 - 7*v**2 + 17*v + 3. What is the tens digit of j(d)?
3
Suppose -27*s - 99993 = -30*s - 3*o, 2*o = 5*s - 166704. What is the hundreds digit of s?
3
Let h(p) = -82*p - 8607. What is the tens digit of h(-193)?
1
Let u(j) = 9*j**2 - 7*j - 9. Let w be u(-6). Suppose -37*t + 4536 = -64*t. Let a = t + w. What is the tens digit of a?
8
Let l = -262 - -171. Suppose 0 = -3*j + 11 + 58. Let v = j - l. What is the tens digit of v?
1
Let v(l) = -6*l**2 - 17*l + 13. Let w be v(-13). Let i = 935 - w. What is the units digit of i?
5
Suppose 0 = -2*u, 7907 = w - 5*u + 1754. What is the hundreds digit of w?
1
Let g(v) be the first derivative of v**3 - 3*v**2/2 - 15*v - 36. Let d be g(15). Let n = d + -397. What is the units digit of n?
8
Let r be (-1)/(-4*(-5)/100*-1). Suppose -4*y + 178 = 3*a - 279, -548 = -r*y + 4*a. What is the units digit of y?
2
Let q be (0 - 10)*(-5)/15*21. What is the units digit of -7*(-50)/q + 198/2?
4
Let s(v) = -5. Let t(o) = 2*o + 17. Let u(y) = 20*s(y) + 5*t(y). Let j be u(-5). What is the tens digit of ((-20)/j)/(-2) + (-1146)/(-13)?
8
Let w = -3 + 3. Suppose 19*v - 4 = r + 14*v, -2*v = -8. Suppose w = -i + 69 - r. What is the tens digit of i?
5
Let d(r) = -r**3 - 10*r**2 - 11*r + 3. Let u be d(-9). Let m be (0 + 18/(-8))/(u/(-112)). What is the tens digit of 2/(-3) + 1532/m?
2
Suppose 7*f - 228 = 19*f. Let h(b) = -b**3 - 20*b**2 - 37*b + 17. What is the tens digit of h(f)?
5
Let x(f) = 22*f**3 - 4*f**2 + 4*f - 1. Let k be x(5). Suppose 7*g - 922 - k = 0. Suppose i - 10*i + g = 0. What is the units digit of i?
7
Suppose -22 = -3*x + 2*i - 3*i, i - 8 = -x. Suppose 496 + 981 = x*o. What is the hundreds digit of o?
2
Let f(x) = 4*x - 10. Let w be f(9). Let r(b) = -35*b + 20*b + w + 16*b. What is the units digit of r(-17)?
9
Suppose 4*b = 13*j - 223206, 5*b + 23862 = 5*j - 61983. What is the thousands digit of j?
7
Let d(p) = 87*p**2 - 5*p + 6. Let y(n) = 4*n - 14. Let j be y(4). What is the hundreds digit of d(j)?
3
Suppose -25*v + 626329 = 72*v. What is the hundreds digit of v?
4
Let g be (5 - (-10)/(-2))/(-1 + 0). Suppose b - 1365 = -4*x, g = b - 0*b + 3. Suppose -3*s = -4*f - 244, -4*s + x = -0*s + 3*f. What is the units digit of s?
4
Suppose 0 = 353*s - 354*s - 5*n + 15388, -76967 = -5*s + 2*n. What is the ten thousands digit of s?
1
Let d(t) = 2118*t + 415. What is the units digit of d(1)?
3
Let i = -34 - -44. Let p be (-15)/i*20/(-15). Suppose 5*y = -2*b - 2*b + 174, -p*b + 82 = 5*y. What is the tens digit of b?
4
Suppose 40*b + 18 = 43*b. Suppose s - 4*n - 8 = 0, 0 = s - n - 2*n - b. Suppose 3*l = -s*l + 501. What is the units digit of l?
7
Let s(z) = 2*z - 13. Let d(t) = -t + 2. Let h(g) = -20*d(g) - 4*s(g). What is the units digit of h(8)?
8
Suppose -v + 9842 + 12170 + 1425 = 0. What is the ten thousands digit of v?
2
Let j = -141 + 80. Let a = j - -332. Suppose -6*c + 853 - a = 0. What is the tens digit of c?
9
What is the tens digit of (0 - (-2 + -9458)) + 1*8?
6
What is the hundreds digit of (9307/(-3))/(1 - 116/87)?
3
Let f(n) = -n**2 + 22*n + 17. Let k(w) = w + 0 + 1 + 9 - 5. Let t be k(9). What is the hundreds digit of f(t)?
1
Let b be (-128)/(-12)*(-45)/(-6). Suppose -3*o = -f + 2*o + 84, -f + b = -3*o. What is the tens digit of (-3 - -2) + f + -9?
6
Let v(z) = 18*z - 18. Let r(o) = -o**3 - o**2 + o + 103. Let g be r(0). Let m = -92 + g. What is the units digit of v(m)?
0
What is the tens digit of -9 + 1927 + 5 - -5?
2
Let p(g) = -44*g - 918. Let h(v) = -22*v - 460. Let w(i) = -9*h(i) + 4*p(i). What is the hundreds digit of w(0)?
4
Suppose 16 = -4*i, 16 = 2*y - 23*i + 19*i. Suppose y = 10*k - 737 - 753. What is the tens digit of k?
4
Let g(j) = 5918*j + 22. Let p be g(2). Suppose s + 21*s = p. What is the tens digit of s?
3
Let j(q) = 50*q - 95. Let h be j(2). Let k(z) = 242*z + 98. What is the tens digit of k(h)?
0
Let x(m) = -m**3 - 12*m**2 - 25*m - 5. Let i be x(-10). Suppose -i = 3*t - 579. What is the hundreds digit of t?
1
Let r(a) = -10*a - 43. Let p be r(11). Let g = -151 - p. What is the units digit of g?
2
Let q be (360/35)/(4 + (-668)/168). Let z = 916 - q. What is the units digit of z?
4
Let s(z) = -z + 294. Let t be s(-36). Let j = 131 + t. What is the hundreds digit of j?
4
Let z(r) = 255*r**2 - 49*r + 19. What is the thousands digit of z(6)?
8
Let z = -753 - -741. What is the hundreds digit of z/18*(-38952)/16?
6
Suppose -2*b + 4*l - 7985 = -45353, 3*l = 3. What is the hundreds digit of b?
6
Suppose -44 = -20*u + 56. Suppose 6840 + 2695 = u*j. What is the units digit of j?
7
Let w(v) = v + 11. Let d be w(7). Let x(k) = d*k**3 - k - 125*k**2 + 125*k**2. What is the units digit of x(1)?
7
Suppose -3*v + 0*v - 2634 = -4*c, 4*c + 4*v - 2620 = 0. Suppose c = -11*q + 3143. What is the tens digit of q?
2
What is the ten thousands digit of -104240*(3 + 2 + (-297)/55)?
4
Suppose -219 = 11*h + 1. What is the units digit of (-2 - -3)*10/h*-602?
1
Let p(y) = 78*y**2 - 6*y + 7. Let v be p(3). Suppose 0 = 5*x - w - 1133, 3*x + 5*w = -0*w + v. What is the tens digit of x?
2
Suppose 805*h - 787*h - 15516 = 0. What is the units digit of h?
2
Let l be 3/5 + ((-72)/(-30) - 5). Let x be (-226 - -8) + l*(-1)/(-2). Let b = 415 + x. What is the tens digit of b?
9
Suppose 800*j - 71232 = 779*j. What is the units digit of j?
2
Let m(z) be the second derivative of -23*z**3/3 + 27*z**2/2 - 2*z + 3. Let j be m(-8). Let s = j - 139. What is the tens digit of s?
5
Suppose 3152 = 10*i - 60438. What is the thousands digit of i?
6
Let n(m) = -1510*m - 402. What is the units digit of n(-4)?
8
Let f(p) = -2*p**2 - 9*p - 9. Let x be f(-3). Suppose -3*l = -2*w - 1557, l = -x*w - 5*w + 502. What is the tens digit of l?
1
Let t = -73 + 23. Let k = t + 55. Suppose -z + 4*d = -301, -1 = 3*d + k. What is the hundreds digit of z?
2
Let j(q) = q**3 - 31*q**2 - 19*q - 876. What is the units digit of j(45)?
9
What is the ten thousands digit of ((-122)/(-12) - (-2)/(-12))*235732/70?
3
Let t be 3 + -4*(-5)/20. Suppose 4*p - 24 = -t*b - 0*p, 5*p = -2*b + 9. Suppose 10*k = b*k + 60. What is the units digit of k?
0
Suppose -c + 28663 + 39137 = p, 0 = -2*p + 5*c + 135558. What is the ten thousands digit of p?
6
Let w = 11862 + -6504. What is the units digit of w?
8
Let w = -134 - -872. Let o = 1670 - w. What is the units digit of o?
2
Let h = 7195 + -2852. What is the tens digit of h?
4
Suppose -3*l - 3*m = -70167, -35*l - 7*m = -36*l + 23405. What is the hundreds digit of l?
3
Let v(i) = 3*i + 27*i**2 - 2*i**3 + 29*i**2 - 59*i**2 + 47. What is the hundreds digit of v(-7)?
5
Suppose -2*b - 5*t = -37066, -21*b + 37066 = -19*b - 4*t. What is the ten thousands digit of b?
1
Suppose 4*q + 4*j + 16 = 0, 0*q + 4*j + 16 = 2*q. Suppose q = 68*a - 57*a - 9141. What is the hundreds digit of a?
8
Suppose 3*l = 5*s - 9, s - 2*l = -s + 6. Let o(j) = 68*j**3 + 28 + 45 - 69*j**3. What is the tens digit of o(s)?
7
Let z(g) be the first derivative of 41*g**4/2 - 2*g**3/3 - g**2/2 + 3*g - 201. What is the units digit of z(1)?
2
Let k(v) = 2*v**3 - 10*v**2 + 11*v - 9. Let s be k(6). Let o(i) = i**2 - 5*i + 4. Let c be o(6). Suppose c = x - s. What is the units digit of x?
9
Let v = -36844 - -75525. What is the units d